f 217 and 62.
31
What is the highest common divisor of 209 and 44?
11
What is the greatest common factor of 35 and 20545?
35
Calculate the highest common factor of 5616 and 416.
208
Calculate the greatest common factor of 567 and 81.
81
What is the highest common divisor of 21417 and 59?
59
Calculate the greatest common factor of 7869 and 129.
129
What is the highest common factor of 2124 and 944?
236
What is the highest common divisor of 106 and 795?
53
What is the highest common factor of 140 and 1372?
28
Calculate the highest common divisor of 2275 and 15.
5
Calculate the greatest common divisor of 198 and 154.
22
What is the highest common divisor of 11 and 99?
11
Calculate the greatest common factor of 5630 and 10.
10
Calculate the highest common divisor of 1239 and 531.
177
What is the greatest common factor of 18403 and 77?
77
What is the highest common factor of 42 and 189?
21
Calculate the greatest common factor of 63 and 72.
9
What is the highest common factor of 3456 and 54?
54
What is the greatest common factor of 9 and 19?
1
What is the highest common factor of 24 and 18?
6
Calculate the highest common divisor of 95 and 304.
19
What is the highest common factor of 45 and 105?
15
Calculate the greatest common factor of 46 and 4209.
23
Calculate the greatest common divisor of 128 and 56320.
128
What is the greatest common divisor of 667 and 23?
23
What is the highest common factor of 46 and 2668?
46
What is the greatest common factor of 36 and 16272?
36
What is the highest common divisor of 110 and 2255?
55
What is the greatest common factor of 1025 and 41?
41
What is the highest common factor of 2388 and 24?
12
Calculate the highest common factor of 162 and 6.
6
What is the highest common factor of 107 and 3959?
107
Calculate the highest common factor of 44 and 99.
11
Calculate the highest common factor of 70 and 490.
70
Calculate the greatest common divisor of 36 and 1446.
6
What is the highest common divisor of 730 and 2774?
146
What is the greatest common factor of 200 and 760?
40
What is the highest common factor of 1550 and 50?
50
What is the highest common divisor of 952 and 68?
68
Calculate the greatest common divisor of 75 and 3.
3
What is the greatest common divisor of 2023 and 357?
119
What is the highest common factor of 155 and 248?
31
Calculate the highest common factor of 42020 and 132.
44
What is the highest common factor of 10 and 1175?
5
Calculate the greatest common divisor of 104 and 19630.
26
What is the highest common factor of 50 and 775?
25
What is the greatest common divisor of 4 and 1396?
4
What is the highest common divisor of 94 and 2?
2
Calculate the greatest common divisor of 43 and 344.
43
Calculate the highest common factor of 796 and 5373.
199
Calculate the greatest common factor of 5053 and 31.
31
Calculate the highest common divisor of 344 and 129.
43
What is the highest common divisor of 14690 and 390?
130
What is the greatest common factor of 21072 and 96?
48
Calculate the highest common factor of 180 and 9840.
60
Calculate the highest common factor of 33 and 138.
3
Calculate the greatest common divisor of 9135 and 21.
21
What is the greatest common divisor of 88 and 1192?
8
Calculate the highest common divisor of 2450 and 1078.
98
What is the greatest common factor of 9 and 8?
1
Calculate the highest common divisor of 2 and 5449.
1
What is the greatest common divisor of 1377 and 51?
51
What is the highest common divisor of 2412 and 225?
9
Calculate the highest common divisor of 15 and 785.
5
What is the highest common divisor of 130 and 80?
10
What is the highest common factor of 66 and 858?
66
What is the greatest common factor of 208 and 884?
52
What is the greatest common divisor of 4 and 16?
4
Calculate the greatest common divisor of 767 and 118.
59
What is the highest common divisor of 162 and 108?
54
What is the highest common divisor of 78 and 52?
26
What is the highest common factor of 105 and 595?
35
What is the highest common factor of 20 and 20620?
20
What is the greatest common divisor of 8 and 5972?
4
What is the highest common factor of 527 and 682?
31
What is the highest common factor of 166 and 28967?
83
Calculate the highest common factor of 1333 and 344.
43
Calculate the highest common divisor of 636 and 456.
12
What is the greatest common divisor of 4 and 46?
2
What is the greatest common factor of 2079 and 22?
11
Calculate the greatest common factor of 704 and 2048.
64
What is the highest common divisor of 1120 and 252?
28
What is the greatest common divisor of 153 and 36?
9
What is the highest common divisor of 2688 and 24?
24
What is the highest common divisor of 366 and 3904?
122
What is the greatest common factor of 13 and 533?
13
Calculate the greatest common divisor of 133 and 1022.
7
Calculate the highest common divisor of 7279 and 58.
29
Calculate the highest common factor of 129 and 3.
3
Calculate the greatest common divisor of 247 and 2.
1
Calculate the greatest common divisor of 144 and 384.
48
What is the greatest common factor of 456 and 120?
24
Calculate the greatest common divisor of 110076 and 12.
12
Calculate the highest common divisor of 976 and 305.
61
What is the highest common divisor of 16 and 128?
16
What is the highest common divisor of 7 and 189?
7
Calculate the highest common factor of 7 and 163.
1
Calculate the greatest common divisor of 44 and 594.
22
Calculate the highest common divisor of 116 and 58.
58
What is the greatest common factor of 260 and 1404?
52
Calculate the greatest common factor of 44 and 32626.
22
What is the highest common divisor of 234 and 169?
13
What is the highest common divisor of 50 and 155?
5
What is the highest common factor of 2816 and 176?
176
Calculate the highest common divisor of 324 and 2511.
81
Calculate the highest common divisor of 256 and 576.
64
Calculate the greatest common factor of 5 and 17.
1
What is the highest common divisor of 30 and 30?
30
What is the highest common divisor of 598 and 104?
26
What is the highest common divisor of 403 and 713?
31
Calculate the highest common divisor of 2064 and 288.
48
What is the highest common divisor of 777 and 888?
111
What is the greatest common factor of 230 and 190?
10
Calculate the greatest common divisor of 448 and 28.
28
Calculate the greatest common divisor of 31 and 961.
31
What is the highest common factor of 308 and 42?
14
What is the highest common divisor of 137 and 5069?
137
Calculate the highest common factor of 16 and 312.
8
Calculate the greatest common factor of 4 and 15.
1
What is the highest common divisor of 96 and 156?
12
Calculate the highest common factor of 372 and 24.
12
What is the highest common factor of 13 and 1963?
13
What is the highest common divisor of 1 and 1280?
1
What is the highest common divisor of 104 and 130?
26
Calculate the greatest common divisor of 909 and 1313.
101
What is the highest common factor of 68 and 6834?
34
Calculate the greatest common divisor of 1199 and 11.
11
Calculate the highest common factor of 2376 and 88.
88
What is the highest common divisor of 44 and 4532?
44
Calculate the greatest common divisor of 867 and 24.
3
What is the highest common divisor of 26 and 7631?
13
What is the highest common factor of 95 and 5?
5
Calculate the greatest common divisor of 1313 and 13.
13
What is the highest common divisor of 32 and 8536?
8
What is the greatest common divisor of 4979 and 65?
13
What is the greatest common factor of 36 and 1017?
9
What is the greatest common factor of 4 and 524?
4
Calculate the greatest common factor of 184 and 8.
8
Calculate the highest common factor of 4851 and 297.
99
What is the greatest common divisor of 33 and 1529?
11
Calculate the highest common divisor of 3501 and 6613.
389
What is the greatest common factor of 12 and 1104?
12
What is the highest common factor of 8 and 200?
8
What is the greatest common factor of 25 and 875?
25
Calculate the greatest common factor of 119 and 34.
17
Calculate the greatest common factor of 90 and 144.
18
Calculate the greatest common divisor of 598 and 26.
26
Calculate the greatest common divisor of 63 and 35.
7
Calculate the greatest common divisor of 1795 and 18309.
359
What is the highest common divisor of 2601 and 63?
9
What is the greate